{"id":240,"date":"2022-01-08T01:45:19","date_gmt":"2022-01-08T00:45:19","guid":{"rendered":"https:\/\/www.agromechatronik.eu\/?page_id=240"},"modified":"2025-03-17T23:30:52","modified_gmt":"2025-03-17T22:30:52","slug":"o-projekte","status":"publish","type":"page","link":"https:\/\/www.agromechatronik.eu\/","title":{"rendered":"O projekte"},"content":{"rendered":"\n<h2 class=\"wp-block-heading has-text-align-center has-ast-global-color-3-color has-ast-global-color-4-background-color has-text-color has-background has-link-color uag-hide-mob wp-elements-bbf4c957af4eecb727b1790bd204db16\"><strong>\u201eNov\u00fd potenci\u00e1l rozvoja agrosektora \u2013 AGROMECHATRONIK\u201c<\/strong><\/h2>\n\n\n\n<p><\/p>\n\n\n\n<figure class=\"wp-block-image aligncenter size-full has-custom-border is-style-default\"><img loading=\"lazy\" decoding=\"async\" width=\"843\" height=\"272\" src=\"https:\/\/www.agromechatronik.eu\/wp-content\/uploads\/2022\/08\/loga-partnerov.png\" alt=\"Log\u00e1 partnerov\" class=\"wp-image-6734\" style=\"border-radius:46px\" srcset=\"https:\/\/www.agromechatronik.eu\/wp-content\/uploads\/2022\/08\/loga-partnerov.png 843w, https:\/\/www.agromechatronik.eu\/wp-content\/uploads\/2022\/08\/loga-partnerov-300x97.png 300w, https:\/\/www.agromechatronik.eu\/wp-content\/uploads\/2022\/08\/loga-partnerov-768x248.png 768w\" sizes=\"auto, (max-width: 843px) 100vw, 843px\" \/><\/figure>\n\n\n\n<p><\/p>\n\n\n\n<p>Elektronick\u00e1 u\u010debnica&nbsp; \u201eNov\u00fd potenci\u00e1l rozvoja agrosektora \u2013 Agromechatronik\u201c, \u010d\u00edslo projektu 2019-1-SK01-KA202-060773 vznikla v r\u00e1mci projektu Erasmus+ KA2 &#8211; Odborn\u00e9 vzdel\u00e1vanie a pr\u00edprava &#8211; Strategick\u00e9 partnerstv\u00e1. Je v\u00fdsledkom cezhrani\u010dnej kooper\u00e1cie viacer\u00fdch partnerov SO\u0160 Prusk\u00e9, \u0160IOV Bratislava, Agrion Nitra, St\u0159edn\u00ed odborn\u00e1 \u0161kola a&nbsp;Gymn\u00e1zium Star\u00e9 M\u011bsto&nbsp; a Landw.Fachschule Burgkirchen Rak\u00fasko,pri\u010dom koordin\u00e1torom projektu bola Stredn\u00e1 odborn\u00e1 \u0161kola Prusk\u00e9.<\/p>\n\n\n\n<p>Cie\u013eom projektu bolo vytvorenie spolo\u010dnej platformy pre v\u00fdu\u010dbu agromechatroniky v krajin\u00e1ch, ktor\u00e9 maj\u00fa priamu sk\u00fasenos\u0165 s v\u00fdu\u010dbou  a jej n\u00e1sledn\u00fa transform\u00e1ciu v partnersk\u00fdch krajin\u00e1ch.<\/p>\n\n\n\n<p>Hlavn\u00fd cie\u013e v&nbsp;sebe zah\u0155\u0148al \u010diastkov\u00e9 ciele v&nbsp;podobe prisp\u00f4sobenia vzdel\u00e1vacieho kurikula v&nbsp;zapojen\u00fdch \u0161t\u00e1toch z&nbsp;d\u00f4vodu mobility \u0161tudentov a&nbsp;pedagogick\u00fdch zamestnancov v&nbsp;syst\u00e9me OVP formou vytvorenia komplexn\u00e9ho e-learningov\u00e9ho vzdel\u00e1vacieho materi\u00e1lu   pre predmet agromechatronika. Posilnila sa samotn\u00e1 kvalita \u0161k\u00f4l, u\u010dite\u013eov a&nbsp;majstrov odbornej v\u00fdchovy v&nbsp;oblasti v\u00fdstupov u\u010denia potrebn\u00e9 pre trh pr\u00e1ce. \u0160tudenti si zv\u00fd\u0161ili medzikultur\u00e1lne a&nbsp;jazykov\u00e9 schopnosti, rozvinuli spolupr\u00e1cu so zahrani\u010dn\u00fdmi u\u010dite\u013emi a&nbsp;\u0161tudentmi.<\/p>\n\n\n\n<p><em>Partnerstvo v&nbsp;projekte tvorili:<\/em><\/p>\n\n\n\n<p><strong>Stredn\u00e1 odborn\u00e1 \u0161kola Prusk\u00e9<\/strong>&nbsp;\u2013 koordin\u00e1tor projektu. Od roku 2017 vyu\u010duje na \u0161kole \u0161tudijn\u00fd experiment\u00e1lny odbor agromechatronik.<\/p>\n\n\n\n<p><strong>AGRION<\/strong>&nbsp;\u2013 Zdru\u017eenie dod\u00e1vate\u013eov p\u00f4dohospod\u00e1rskej techniky v&nbsp;SR, ktor\u00fd je odborn\u00fdm garantom vzdel\u00e1vania s&nbsp;prepojen\u00edm priamo na v\u00fdrobcov a&nbsp;predajcov po\u013enohospod\u00e1rskej techniky.<\/p>\n\n\n\n<p><strong>\u0160IOV&nbsp; Bratislava<\/strong>&nbsp;\u2013 odborn\u00fd garant pre odborn\u00e9 vzdel\u00e1vanie na Slovensku.<\/p>\n\n\n\n<p><strong>St\u0159edn\u00ed odborn\u00e1 \u0161kola a&nbsp;Gymn\u00e1zium Star\u00e9 M\u011bsto<\/strong>&nbsp;\u2013 stredn\u00e1 \u0161kola podobn\u00e9ho zamerania.<\/p>\n\n\n\n<p><strong>Landwirtschaftliche Fachschule Burgkirchen Rak\u00fasko<\/strong>&nbsp;\u2013 zabezpe\u010duje v\u00fdu\u010dbu v&nbsp;syst\u00e9me du\u00e1lneho vzdel\u00e1vania .<\/p>\n\n\n\n<p>Pri odbornom vzdel\u00e1van\u00ed je d\u00f4le\u017eit\u00e9 uvedomi\u0165 si jeho multidisciplin\u00e1rny charakter a&nbsp;h\u013eada\u0165 sp\u00f4soby ako aplikova\u0165 nov\u00e9 trendy vzdel\u00e1vania a&nbsp;mno\u017estvo teoretick\u00fdch a&nbsp;praktick\u00fdch poznatkov do vyu\u010dovacieho procesu s&nbsp;cie\u013eom zauja\u0165 \u0161tudenta a&nbsp;nau\u010di\u0165 ho tvorivo a&nbsp;kriticky myslie\u0165 a&nbsp;z\u00e1rove\u0148 sa odborne vyjadrova\u0165 a spr\u00e1vne&nbsp;rozhodova\u0165.<\/p>\n\n\n\n<figure class=\"wp-block-image aligncenter size-full is-style-rounded\"><img loading=\"lazy\" decoding=\"async\" width=\"546\" height=\"421\" src=\"https:\/\/www.agromechatronik.eu\/wp-content\/uploads\/2022\/01\/obalka.jpg\" alt=\"V\u00fdznam agromechatroniky\" class=\"wp-image-32\" srcset=\"https:\/\/www.agromechatronik.eu\/wp-content\/uploads\/2022\/01\/obalka.jpg 546w, https:\/\/www.agromechatronik.eu\/wp-content\/uploads\/2022\/01\/obalka-300x231.jpg 300w\" sizes=\"auto, (max-width: 546px) 100vw, 546px\" \/><\/figure>\n\n\n\n<p>Z\u00e1ujemci o&nbsp;vzdel\u00e1vac\u00ed materi\u00e1l E &#8211; vzdel\u00e1vac\u00ed materi\u00e1l &#8211; u\u010debnica (e-book) a&nbsp;Pr\u00edru\u010dka pre pou\u017e\u00edvate\u013eov &#8211; u\u010ditelia , majstri a \u0161kolitelia OVP, \u017eiaci (metodick\u00e1 pr\u00edru\u010dka) kontaktuj\u00fa koordin\u00e1tora projektu SO\u0160 Prusk\u00e9, ktor\u00fd im poskytne pr\u00edstupov\u00e9 hesl\u00e1 do jednotliv\u00fdch verzi\u00ed vzdel\u00e1vacieho materi\u00e1lu.<\/p>\n\n\n\n<p>Kontaktn\u00e9 \u00fadaje:<\/p>\n\n\n\n<p>Email: <a href=\"mailto:info@sospruske.sk\">info@sospruske.tsk.sk<\/a><\/p>\n\n\n\n<p>Telef\u00f3nne \u010d\u00edslo: +421424492532<\/p>\n\n\n\n<p>&nbsp;&nbsp;&nbsp;&nbsp;&nbsp;&nbsp;&nbsp;&nbsp;&nbsp;&nbsp;&nbsp;&nbsp;&nbsp;&nbsp;&nbsp;&nbsp;&nbsp;&nbsp;&nbsp;&nbsp;&nbsp;&nbsp;&nbsp;&nbsp;&nbsp; +421905434414<\/p>\n\n<script>\nvar zbPregResult = '0';\n<\/script>\n","protected":false},"excerpt":{"rendered":"<p>\u201eNov\u00fd potenci\u00e1l rozvoja agrosektora \u2013 AGROMECHATRONIK\u201c Elektronick\u00e1 u\u010debnica&nbsp; \u201eNov\u00fd potenci\u00e1l rozvoja agrosektora \u2013 Agromechatronik\u201c, \u010d\u00edslo projektu 2019-1-SK01-KA202-060773 vznikla v r\u00e1mci projektu Erasmus+ KA2 &#8211; Odborn\u00e9 vzdel\u00e1vanie a pr\u00edprava &#8211; Strategick\u00e9 partnerstv\u00e1. Je v\u00fdsledkom cezhrani\u010dnej kooper\u00e1cie viacer\u00fdch partnerov SO\u0160 Prusk\u00e9, \u0160IOV Bratislava, Agrion Nitra, St\u0159edn\u00ed odborn\u00e1 \u0161kola a&nbsp;Gymn\u00e1zium Star\u00e9 M\u011bsto&nbsp; a Landw.Fachschule Burgkirchen Rak\u00fasko,pri\u010dom koordin\u00e1torom projektu [&hellip;]<\/p>\n","protected":false},"author":1,"featured_media":0,"parent":0,"menu_order":0,"comment_status":"closed","ping_status":"closed","template":"","meta":{"_uag_custom_page_level_css":"","_monsterinsights_skip_tracking":false,"_monsterinsights_sitenote_active":false,"_monsterinsights_sitenote_note":"","_monsterinsights_sitenote_category":0,"site-sidebar-layout":"no-sidebar","site-content-layout":"boxed-container","ast-site-content-layout":"normal-width-container","site-content-style":"boxed","site-sidebar-style":"boxed","ast-global-header-display":"","ast-banner-title-visibility":"","ast-main-header-display":"","ast-hfb-above-header-display":"","ast-hfb-below-header-display":"","ast-hfb-mobile-header-display":"disabled","site-post-title":"","ast-breadcrumbs-content":"","ast-featured-img":"","footer-sml-layout":"","theme-transparent-header-meta":"default","adv-header-id-meta":"","stick-header-meta":"","header-above-stick-meta":"","header-main-stick-meta":"","header-below-stick-meta":"","astra-migrate-meta-layouts":"set","ast-page-background-enabled":"default","ast-page-background-meta":{"desktop":{"background-color":"var(--ast-global-color-4)","background-image":"","background-repeat":"repeat","background-position":"center center","background-size":"auto","background-attachment":"scroll","background-type":"","background-media":"","overlay-type":"","overlay-color":"","overlay-opacity":"","overlay-gradient":""},"tablet":{"background-color":"","background-image":"","background-repeat":"repeat","background-position":"center center","background-size":"auto","background-attachment":"scroll","background-type":"","background-media":"","overlay-type":"","overlay-color":"","overlay-opacity":"","overlay-gradient":""},"mobile":{"background-color":"","background-image":"","background-repeat":"repeat","background-position":"center center","background-size":"auto","background-attachment":"scroll","background-type":"","background-media":"","overlay-type":"","overlay-color":"","overlay-opacity":"","overlay-gradient":""}},"ast-content-background-meta":{"desktop":{"background-color":"var(--ast-global-color-5)","background-image":"","background-repeat":"repeat","background-position":"center center","background-size":"auto","background-attachment":"scroll","background-type":"","background-media":"","overlay-type":"","overlay-color":"","overlay-opacity":"","overlay-gradient":""},"tablet":{"background-color":"var(--ast-global-color-5)","background-image":"","background-repeat":"repeat","background-position":"center center","background-size":"auto","background-attachment":"scroll","background-type":"","background-media":"","overlay-type":"","overlay-color":"","overlay-opacity":"","overlay-gradient":""},"mobile":{"background-color":"var(--ast-global-color-5)","background-image":"","background-repeat":"repeat","background-position":"center center","background-size":"auto","background-attachment":"scroll","background-type":"","background-media":"","overlay-type":"","overlay-color":"","overlay-opacity":"","overlay-gradient":""}},"footnotes":""},"class_list":["post-240","page","type-page","status-publish","hentry"],"yoast_head":"<!-- This site is optimized with the Yoast SEO plugin v26.8 - https:\/\/yoast.com\/product\/yoast-seo-wordpress\/ -->\n<title>O projekte - Elektronick\u00e1 u\u010debnica<\/title>\n<meta name=\"robots\" content=\"index, follow, max-snippet:-1, max-image-preview:large, max-video-preview:-1\" \/>\n<link rel=\"canonical\" href=\"https:\/\/www.agromechatronik.eu\/\" \/>\n<meta property=\"og:locale\" content=\"sk_SK\" \/>\n<meta property=\"og:type\" content=\"article\" \/>\n<meta property=\"og:title\" content=\"O projekte - Elektronick\u00e1 u\u010debnica\" \/>\n<meta property=\"og:description\" content=\"\u201eNov\u00fd potenci\u00e1l rozvoja agrosektora \u2013 AGROMECHATRONIK\u201c Elektronick\u00e1 u\u010debnica&nbsp; \u201eNov\u00fd potenci\u00e1l rozvoja agrosektora \u2013 Agromechatronik\u201c, \u010d\u00edslo projektu 2019-1-SK01-KA202-060773 vznikla v r\u00e1mci projektu Erasmus+ KA2 &#8211; Odborn\u00e9 vzdel\u00e1vanie a pr\u00edprava &#8211; Strategick\u00e9 partnerstv\u00e1. Je v\u00fdsledkom cezhrani\u010dnej kooper\u00e1cie viacer\u00fdch partnerov SO\u0160 Prusk\u00e9, \u0160IOV Bratislava, Agrion Nitra, St\u0159edn\u00ed odborn\u00e1 \u0161kola a&nbsp;Gymn\u00e1zium Star\u00e9 M\u011bsto&nbsp; a Landw.Fachschule Burgkirchen Rak\u00fasko,pri\u010dom koordin\u00e1torom projektu [&hellip;]\" \/>\n<meta property=\"og:url\" content=\"https:\/\/www.agromechatronik.eu\/\" \/>\n<meta property=\"og:site_name\" content=\"Elektronick\u00e1 u\u010debnica\" \/>\n<meta property=\"article:modified_time\" content=\"2025-03-17T22:30:52+00:00\" \/>\n<meta property=\"og:image\" content=\"https:\/\/www.agromechatronik.eu\/wp-content\/uploads\/2022\/08\/loga-partnerov.png\" \/>\n\t<meta property=\"og:image:width\" content=\"843\" \/>\n\t<meta property=\"og:image:height\" content=\"272\" \/>\n\t<meta property=\"og:image:type\" content=\"image\/png\" \/>\n<meta name=\"twitter:card\" content=\"summary_large_image\" \/>\n<meta name=\"twitter:label1\" content=\"Predpokladan\u00fd \u010das \u010d\u00edtania\" \/>\n\t<meta name=\"twitter:data1\" content=\"3 min\u00faty\" \/>\n<script type=\"application\/ld+json\" class=\"yoast-schema-graph\">{\"@context\":\"https:\/\/schema.org\",\"@graph\":[{\"@type\":\"WebPage\",\"@id\":\"https:\/\/www.agromechatronik.eu\/\",\"url\":\"https:\/\/www.agromechatronik.eu\/\",\"name\":\"O projekte - Elektronick\u00e1 u\u010debnica\",\"isPartOf\":{\"@id\":\"https:\/\/www.agromechatronik.eu\/#website\"},\"primaryImageOfPage\":{\"@id\":\"https:\/\/www.agromechatronik.eu\/#primaryimage\"},\"image\":{\"@id\":\"https:\/\/www.agromechatronik.eu\/#primaryimage\"},\"thumbnailUrl\":\"https:\/\/www.agromechatronik.eu\/wp-content\/uploads\/2022\/08\/loga-partnerov.png\",\"datePublished\":\"2022-01-08T00:45:19+00:00\",\"dateModified\":\"2025-03-17T22:30:52+00:00\",\"breadcrumb\":{\"@id\":\"https:\/\/www.agromechatronik.eu\/#breadcrumb\"},\"inLanguage\":\"sk-SK\",\"potentialAction\":[{\"@type\":\"ReadAction\",\"target\":[\"https:\/\/www.agromechatronik.eu\/\"]}]},{\"@type\":\"ImageObject\",\"inLanguage\":\"sk-SK\",\"@id\":\"https:\/\/www.agromechatronik.eu\/#primaryimage\",\"url\":\"https:\/\/www.agromechatronik.eu\/wp-content\/uploads\/2022\/08\/loga-partnerov.png\",\"contentUrl\":\"https:\/\/www.agromechatronik.eu\/wp-content\/uploads\/2022\/08\/loga-partnerov.png\",\"width\":843,\"height\":272},{\"@type\":\"BreadcrumbList\",\"@id\":\"https:\/\/www.agromechatronik.eu\/#breadcrumb\",\"itemListElement\":[{\"@type\":\"ListItem\",\"position\":1,\"name\":\"Home\",\"item\":\"https:\/\/www.agromechatronik.eu\/\"},{\"@type\":\"ListItem\",\"position\":2,\"name\":\"O projekte\"}]},{\"@type\":\"WebSite\",\"@id\":\"https:\/\/www.agromechatronik.eu\/#website\",\"url\":\"https:\/\/www.agromechatronik.eu\/\",\"name\":\"Elektronick\u00e1 u\u010debnica\",\"description\":\"Nov\u00fd potenci\u00e1l rozvoja agrosektora - agromechatronik\",\"publisher\":{\"@id\":\"https:\/\/www.agromechatronik.eu\/#organization\"},\"potentialAction\":[{\"@type\":\"SearchAction\",\"target\":{\"@type\":\"EntryPoint\",\"urlTemplate\":\"https:\/\/www.agromechatronik.eu\/?s={search_term_string}\"},\"query-input\":{\"@type\":\"PropertyValueSpecification\",\"valueRequired\":true,\"valueName\":\"search_term_string\"}}],\"inLanguage\":\"sk-SK\"},{\"@type\":\"Organization\",\"@id\":\"https:\/\/www.agromechatronik.eu\/#organization\",\"name\":\"Elektronick\u00e1 u\u010debnica\",\"url\":\"https:\/\/www.agromechatronik.eu\/\",\"logo\":{\"@type\":\"ImageObject\",\"inLanguage\":\"sk-SK\",\"@id\":\"https:\/\/www.agromechatronik.eu\/#\/schema\/logo\/image\/\",\"url\":\"https:\/\/www.agromechatronik.eu\/wp-content\/uploads\/2022\/01\/cropped-cropped-logo.png\",\"contentUrl\":\"https:\/\/www.agromechatronik.eu\/wp-content\/uploads\/2022\/01\/cropped-cropped-logo.png\",\"width\":991,\"height\":134,\"caption\":\"Elektronick\u00e1 u\u010debnica\"},\"image\":{\"@id\":\"https:\/\/www.agromechatronik.eu\/#\/schema\/logo\/image\/\"}}]}<\/script>\n<!-- \/ Yoast SEO plugin. -->","yoast_head_json":{"title":"O projekte - Elektronick\u00e1 u\u010debnica","robots":{"index":"index","follow":"follow","max-snippet":"max-snippet:-1","max-image-preview":"max-image-preview:large","max-video-preview":"max-video-preview:-1"},"canonical":"https:\/\/www.agromechatronik.eu\/","og_locale":"sk_SK","og_type":"article","og_title":"O projekte - Elektronick\u00e1 u\u010debnica","og_description":"\u201eNov\u00fd potenci\u00e1l rozvoja agrosektora \u2013 AGROMECHATRONIK\u201c Elektronick\u00e1 u\u010debnica&nbsp; \u201eNov\u00fd potenci\u00e1l rozvoja agrosektora \u2013 Agromechatronik\u201c, \u010d\u00edslo projektu 2019-1-SK01-KA202-060773 vznikla v r\u00e1mci projektu Erasmus+ KA2 &#8211; Odborn\u00e9 vzdel\u00e1vanie a pr\u00edprava &#8211; Strategick\u00e9 partnerstv\u00e1. Je v\u00fdsledkom cezhrani\u010dnej kooper\u00e1cie viacer\u00fdch partnerov SO\u0160 Prusk\u00e9, \u0160IOV Bratislava, Agrion Nitra, St\u0159edn\u00ed odborn\u00e1 \u0161kola a&nbsp;Gymn\u00e1zium Star\u00e9 M\u011bsto&nbsp; a Landw.Fachschule Burgkirchen Rak\u00fasko,pri\u010dom koordin\u00e1torom projektu [&hellip;]","og_url":"https:\/\/www.agromechatronik.eu\/","og_site_name":"Elektronick\u00e1 u\u010debnica","article_modified_time":"2025-03-17T22:30:52+00:00","og_image":[{"width":843,"height":272,"url":"https:\/\/www.agromechatronik.eu\/wp-content\/uploads\/2022\/08\/loga-partnerov.png","type":"image\/png"}],"twitter_card":"summary_large_image","twitter_misc":{"Predpokladan\u00fd \u010das \u010d\u00edtania":"3 min\u00faty"},"schema":{"@context":"https:\/\/schema.org","@graph":[{"@type":"WebPage","@id":"https:\/\/www.agromechatronik.eu\/","url":"https:\/\/www.agromechatronik.eu\/","name":"O projekte - Elektronick\u00e1 u\u010debnica","isPartOf":{"@id":"https:\/\/www.agromechatronik.eu\/#website"},"primaryImageOfPage":{"@id":"https:\/\/www.agromechatronik.eu\/#primaryimage"},"image":{"@id":"https:\/\/www.agromechatronik.eu\/#primaryimage"},"thumbnailUrl":"https:\/\/www.agromechatronik.eu\/wp-content\/uploads\/2022\/08\/loga-partnerov.png","datePublished":"2022-01-08T00:45:19+00:00","dateModified":"2025-03-17T22:30:52+00:00","breadcrumb":{"@id":"https:\/\/www.agromechatronik.eu\/#breadcrumb"},"inLanguage":"sk-SK","potentialAction":[{"@type":"ReadAction","target":["https:\/\/www.agromechatronik.eu\/"]}]},{"@type":"ImageObject","inLanguage":"sk-SK","@id":"https:\/\/www.agromechatronik.eu\/#primaryimage","url":"https:\/\/www.agromechatronik.eu\/wp-content\/uploads\/2022\/08\/loga-partnerov.png","contentUrl":"https:\/\/www.agromechatronik.eu\/wp-content\/uploads\/2022\/08\/loga-partnerov.png","width":843,"height":272},{"@type":"BreadcrumbList","@id":"https:\/\/www.agromechatronik.eu\/#breadcrumb","itemListElement":[{"@type":"ListItem","position":1,"name":"Home","item":"https:\/\/www.agromechatronik.eu\/"},{"@type":"ListItem","position":2,"name":"O projekte"}]},{"@type":"WebSite","@id":"https:\/\/www.agromechatronik.eu\/#website","url":"https:\/\/www.agromechatronik.eu\/","name":"Elektronick\u00e1 u\u010debnica","description":"Nov\u00fd potenci\u00e1l rozvoja agrosektora - agromechatronik","publisher":{"@id":"https:\/\/www.agromechatronik.eu\/#organization"},"potentialAction":[{"@type":"SearchAction","target":{"@type":"EntryPoint","urlTemplate":"https:\/\/www.agromechatronik.eu\/?s={search_term_string}"},"query-input":{"@type":"PropertyValueSpecification","valueRequired":true,"valueName":"search_term_string"}}],"inLanguage":"sk-SK"},{"@type":"Organization","@id":"https:\/\/www.agromechatronik.eu\/#organization","name":"Elektronick\u00e1 u\u010debnica","url":"https:\/\/www.agromechatronik.eu\/","logo":{"@type":"ImageObject","inLanguage":"sk-SK","@id":"https:\/\/www.agromechatronik.eu\/#\/schema\/logo\/image\/","url":"https:\/\/www.agromechatronik.eu\/wp-content\/uploads\/2022\/01\/cropped-cropped-logo.png","contentUrl":"https:\/\/www.agromechatronik.eu\/wp-content\/uploads\/2022\/01\/cropped-cropped-logo.png","width":991,"height":134,"caption":"Elektronick\u00e1 u\u010debnica"},"image":{"@id":"https:\/\/www.agromechatronik.eu\/#\/schema\/logo\/image\/"}}]}},"uagb_featured_image_src":{"full":false,"thumbnail":false,"medium":false,"medium_large":false,"large":false,"1536x1536":false,"2048x2048":false},"uagb_author_info":{"display_name":"ebookagromech","author_link":"https:\/\/www.agromechatronik.eu\/?author=1"},"uagb_comment_info":0,"uagb_excerpt":"\u201eNov\u00fd potenci\u00e1l rozvoja agrosektora \u2013 AGROMECHATRONIK\u201c Elektronick\u00e1 u\u010debnica&nbsp; \u201eNov\u00fd potenci\u00e1l rozvoja agrosektora \u2013 Agromechatronik\u201c, \u010d\u00edslo projektu 2019-1-SK01-KA202-060773 vznikla v r\u00e1mci projektu Erasmus+ KA2 &#8211; Odborn\u00e9 vzdel\u00e1vanie a pr\u00edprava &#8211; Strategick\u00e9 partnerstv\u00e1. Je v\u00fdsledkom cezhrani\u010dnej kooper\u00e1cie viacer\u00fdch partnerov SO\u0160 Prusk\u00e9, \u0160IOV Bratislava, Agrion Nitra, St\u0159edn\u00ed odborn\u00e1 \u0161kola a&nbsp;Gymn\u00e1zium Star\u00e9 M\u011bsto&nbsp; a Landw.Fachschule Burgkirchen Rak\u00fasko,pri\u010dom koordin\u00e1torom projektu&hellip;","_links":{"self":[{"href":"https:\/\/www.agromechatronik.eu\/index.php?rest_route=\/wp\/v2\/pages\/240","targetHints":{"allow":["GET"]}}],"collection":[{"href":"https:\/\/www.agromechatronik.eu\/index.php?rest_route=\/wp\/v2\/pages"}],"about":[{"href":"https:\/\/www.agromechatronik.eu\/index.php?rest_route=\/wp\/v2\/types\/page"}],"author":[{"embeddable":true,"href":"https:\/\/www.agromechatronik.eu\/index.php?rest_route=\/wp\/v2\/users\/1"}],"replies":[{"embeddable":true,"href":"https:\/\/www.agromechatronik.eu\/index.php?rest_route=%2Fwp%2Fv2%2Fcomments&post=240"}],"version-history":[{"count":6,"href":"https:\/\/www.agromechatronik.eu\/index.php?rest_route=\/wp\/v2\/pages\/240\/revisions"}],"predecessor-version":[{"id":7389,"href":"https:\/\/www.agromechatronik.eu\/index.php?rest_route=\/wp\/v2\/pages\/240\/revisions\/7389"}],"wp:attachment":[{"href":"https:\/\/www.agromechatronik.eu\/index.php?rest_route=%2Fwp%2Fv2%2Fmedia&parent=240"}],"curies":[{"name":"wp","href":"https:\/\/api.w.org\/{rel}","templated":true}]}}