{"id":178,"date":"2022-01-08T00:33:53","date_gmt":"2022-01-07T23:33:53","guid":{"rendered":"https:\/\/www.agromechatronik.eu\/?page_id=178"},"modified":"2022-08-30T21:31:09","modified_gmt":"2022-08-30T19:31:09","slug":"slovenska-verzia","status":"publish","type":"page","link":"https:\/\/www.agromechatronik.eu\/?page_id=178","title":{"rendered":"Slovensk\u00e1 verzia"},"content":{"rendered":"\n<div class=\"wp-block-image is-style-default\" style=\"border-radius:37px\"><figure class=\"aligncenter size-full is-resized\"><img loading=\"lazy\" decoding=\"async\" src=\"https:\/\/www.agromechatronik.eu\/wp-content\/uploads\/2022\/03\/obalka-SK.png\" alt=\"\" class=\"wp-image-2830\" width=\"368\" height=\"524\" srcset=\"https:\/\/www.agromechatronik.eu\/wp-content\/uploads\/2022\/03\/obalka-SK.png 490w, https:\/\/www.agromechatronik.eu\/wp-content\/uploads\/2022\/03\/obalka-SK-211x300.png 211w\" sizes=\"auto, (max-width: 368px) 100vw, 368px\" \/><\/figure><\/div>\n\n\n\n<p>Elektronick\u00e1 u\u010debnica&nbsp; \u201eNov\u00fd potenci\u00e1l rozvoja agrosektora \u2013 Agromechatronik\u201c, \u010d\u00edslo projektu 2019-1-SK01-KA202-060773 vznikla v r\u00e1mci projektu Erasmus+ KA2 &#8211; Odborn\u00e9 vzdel\u00e1vanie a pr\u00edprava &#8211; Strategick\u00e9 partnerstv\u00e1.<\/p>\n\n\n\n<p>Hlavn\u00fdm cie\u013eom bolo vytvorenie ucelen\u00e9ho s\u00faboru poznatkov z&nbsp;viacer\u00fdch oblast\u00ed, pri\u010dom d\u00f4raz bol kladen\u00fd najm\u00e4 na vz\u00e1jomn\u00fa nadv\u00e4znos\u0165, prepojenos\u0165 ale predov\u0161etk\u00fdm na preh\u013eadnos\u0165 a&nbsp;jednoduch\u00fa orient\u00e1ciu v&nbsp;tomto pomerne rozsiahlom diele.<\/p>\n\n\n\n<p>Publik\u00e1cia m\u00e1 jednotn\u00fd textov\u00fd a&nbsp;grafick\u00fd r\u00e1mec, \u010do je ju predur\u010duje sta\u0165 sa p\u00fatavou a&nbsp;zauj\u00edmavou pre ka\u017ed\u00e9ho \u0161tudenta. Obsahuje mno\u017estvo pr\u00edkladov z&nbsp;praxe a&nbsp;teoretick\u00e9 poznatky s\u00fa priamo a&nbsp;n\u00e1sledne dop\u013a\u0148an\u00e9 konkr\u00e9tnymi pr\u00edkladmi a&nbsp;re\u00e1lnou a&nbsp;z\u00e1rove\u0148 v\u00fdpovednou a&nbsp;hodnotnou fotodokument\u00e1ciou autorov jednotliv\u00fdch kapitol.<\/p>\n\n\n\n<p>Mo\u017eno kon\u0161tatova\u0165, \u017ee svojou koncepciou je modernou u\u010debnicou, sp\u013a\u0148aj\u00facou po\u017eiadavky kladen\u00e9 na modern\u00e9 a&nbsp;otvoren\u00e9 \u0161kolstvo priamo prepojen\u00e9 s&nbsp;in\u00fdmi sektormi.<\/p>\n\n\n\n<p>Je preh\u013eadne rozdelen\u00e1 do desiatich kapitol. <\/p>\n\n\n\n<p><strong>Prv\u00e9 tri kapitoly (kapitola \u010d.1 \u2013 Z\u00e1klady spa\u013eovac\u00edch motorov, kapitola \u010d.2 \u2013 Spojky a&nbsp;kapitola \u010d.3 \u2013 Prevodovky) <\/strong>predstavuj\u00fa nevyhnutn\u00fd z\u00e1klad potrebn\u00fd pre \u0161tudenta odboru agromechatronik.<\/p>\n\n\n\n<p>Poznatky uveden\u00e9 v&nbsp;t\u00fdchto troch kapitol\u00e1ch maj\u00fa v\u0161eobecn\u00fd charakter, a&nbsp;teda je mo\u017en\u00e9 vyu\u017ei\u0165 t\u00fato \u010das\u0165 u\u010debnice aj v&nbsp;pr\u00edbuzn\u00fdch \u0161tudijn\u00fdch a u\u010debn\u00fdch odboroch so zameran\u00edm na opravu a&nbsp;servis motorov\u00fdch vozidiel a strojov vyu\u017e\u00edvan\u00fdch&nbsp; v&nbsp;po\u013enohospod\u00e1rstve.<\/p>\n\n\n\n<p>Kapitoly \u010d.1 a\u017e \u010d.3 disponuj\u00fa bohatou obr\u00e1zkovou dokument\u00e1ciou, vr\u00e1tane re\u00e1lnych fotografi\u00ed z&nbsp;dielensk\u00e9ho prostredia, s&nbsp;cie\u013eom zauja\u0165 \u0161tudenta a&nbsp;z\u00e1rove\u0148 pouk\u00e1za\u0165 na neoddelite\u013enos\u0165 prepojenia te\u00f3rie s&nbsp;praxou.<\/p>\n\n\n\n<p><strong>Kapitola \u010d.4 \u2013 Elektrika a&nbsp;elektrotechnika<\/strong> m\u00e1 taktie\u017e v\u0161eobecn\u00fd charakter a&nbsp;preh\u013eadne popisuje elektrick\u00fd pr\u00fad a jeho vyu\u017eitie, venuje sa vysvetleniu elektrick\u00fdch obvodov, ako aj elektronick\u00fdm s\u00fa\u010diastkam a&nbsp;riadiacim jednotk\u00e1m.<\/p>\n\n\n\n<p><strong>V&nbsp;kapitole \u010d.5 \u2013 Tekutinov\u00e9 mechanizmy<\/strong> sa s\u00fastre\u010fuje pozornos\u0165 na hydrostatick\u00e9 syst\u00e9my a&nbsp;ich prvky, ako aj na popis hydrostatick\u00fdch mechanizmov. \u010ealej s\u00fa tu podrobne vysvetlen\u00e9 pneumatick\u00e9 mechanizmy, ich \u010dinnos\u0165 a&nbsp;vyu\u017eitie a&nbsp;tie\u017e ich vyu\u017eitie v&nbsp;po\u013enohospod\u00e1rskej technike.<\/p>\n\n\n\n<p><strong>Kapitola \u010d.6 \u2013 Z\u00e1klady ovl\u00e1dania hydraulick\u00fdch a&nbsp;pneumatick\u00fdch zariaden\u00ed, hydrostatick\u00e9 a&nbsp;pneumatick\u00e9 riadenie strojov a&nbsp;zariaden\u00ed&nbsp;<\/strong> popisuje hydraulick\u00e9 a&nbsp;pneumatick\u00e9 zariadenia a&nbsp;ich ovl\u00e1dacie s\u00fastavy, vysvet\u013euje z\u00e1kladn\u00e9 funkcie a&nbsp;princ\u00edpy \u010dinnosti a&nbsp;ovl\u00e1dania.<\/p>\n\n\n\n<p><strong>Kapitola \u010d.7 \u2013 Spracovanie p\u00f4dy<\/strong> podrobne a preh\u013eadne vysvet\u013euje v\u00fdznam p\u00f4dy a&nbsp;z\u00e1klady jej obr\u00e1bania. Vysvet\u013euje v\u00fdznam spr\u00e1vneho spracovania p\u00f4dy a&nbsp;vyu\u017eitia vhodnej po\u013enohospod\u00e1rskej techniky pri tomto d\u00f4le\u017eitom procese.<\/p>\n\n\n\n<p><strong>Kapitola \u010d.8 \u2013 Sejba a&nbsp;sadenie -technol\u00f3gia osiva (v\u00fdsevu)<\/strong> sa venuje technol\u00f3gii v\u00fdsevu a osiv\u00e1m a&nbsp;strojom vyu\u017e\u00edvan\u00fdm na siatie a&nbsp;sadenie.<\/p>\n\n\n\n<p><strong>V&nbsp;kapitola \u010d.9 \u2013 Hnojenie<\/strong> je podrobne a&nbsp;preh\u013eadne pop\u00edsan\u00e1 problematika hnojenia a&nbsp;mechaniz\u00e1cia potrebn\u00e1 pri hnojen\u00ed, ako aj mechaniz\u00e1cia vyu\u017e\u00edvan\u00e1 pri ochrane rastl\u00edn.<\/p>\n\n\n\n<p><strong>Kapitola \u010d.10 \u2013 Zber plod\u00edn<\/strong> sa venuje problematike zberu obiln\u00edn, kukurice na zrno, zberu olejn\u00edn, okopan\u00edn, zemiakov a&nbsp;krmov\u00edn. Z\u00e1rove\u0148 popisuje stroje pou\u017e\u00edvan\u00e9 pri zbere plod\u00edn.<\/p>\n\n\n\n<p>S\u00fa\u010das\u0165ou ka\u017edej kapitoly je kontroln\u00fd test, ktor\u00fd umo\u017en\u00ed r\u00fdchlo a jednoducho preveri\u0165 \u00farove\u0148 z\u00edskan\u00fdch vedomost\u00ed z&nbsp;jednotliv\u00fdch kapitol.<\/p>\n\n<script>\nvar zbPregResult = '0';\n<\/script>\n","protected":false},"excerpt":{"rendered":"<p>Elektronick\u00e1 u\u010debnica&nbsp; \u201eNov\u00fd potenci\u00e1l rozvoja agrosektora \u2013 Agromechatronik\u201c, \u010d\u00edslo projektu 2019-1-SK01-KA202-060773 vznikla v r\u00e1mci projektu Erasmus+ KA2 &#8211; Odborn\u00e9 vzdel\u00e1vanie a pr\u00edprava &#8211; Strategick\u00e9 partnerstv\u00e1. Hlavn\u00fdm cie\u013eom bolo vytvorenie ucelen\u00e9ho s\u00faboru poznatkov z&nbsp;viacer\u00fdch oblast\u00ed, pri\u010dom d\u00f4raz bol kladen\u00fd najm\u00e4 na vz\u00e1jomn\u00fa nadv\u00e4znos\u0165, prepojenos\u0165 ale predov\u0161etk\u00fdm na preh\u013eadnos\u0165 a&nbsp;jednoduch\u00fa orient\u00e1ciu v&nbsp;tomto pomerne rozsiahlom diele. Publik\u00e1cia m\u00e1 [&hellip;]<\/p>\n","protected":false},"author":1,"featured_media":0,"parent":0,"menu_order":0,"comment_status":"closed","ping_status":"closed","template":"","meta":{"_uag_custom_page_level_css":"","_monsterinsights_skip_tracking":false,"_monsterinsights_sitenote_active":false,"_monsterinsights_sitenote_note":"","_monsterinsights_sitenote_category":0,"site-sidebar-layout":"default","site-content-layout":"","ast-site-content-layout":"","site-content-style":"default","site-sidebar-style":"default","ast-global-header-display":"","ast-banner-title-visibility":"","ast-main-header-display":"","ast-hfb-above-header-display":"","ast-hfb-below-header-display":"","ast-hfb-mobile-header-display":"","site-post-title":"","ast-breadcrumbs-content":"","ast-featured-img":"","footer-sml-layout":"","theme-transparent-header-meta":"","adv-header-id-meta":"","stick-header-meta":"","header-above-stick-meta":"","header-main-stick-meta":"","header-below-stick-meta":"","astra-migrate-meta-layouts":"default","ast-page-background-enabled":"default","ast-page-background-meta":{"desktop":{"background-color":"var(--ast-global-color-4)","background-image":"","background-repeat":"repeat","background-position":"center center","background-size":"auto","background-attachment":"scroll","background-type":"","background-media":"","overlay-type":"","overlay-color":"","overlay-opacity":"","overlay-gradient":""},"tablet":{"background-color":"","background-image":"","background-repeat":"repeat","background-position":"center center","background-size":"auto","background-attachment":"scroll","background-type":"","background-media":"","overlay-type":"","overlay-color":"","overlay-opacity":"","overlay-gradient":""},"mobile":{"background-color":"","background-image":"","background-repeat":"repeat","background-position":"center center","background-size":"auto","background-attachment":"scroll","background-type":"","background-media":"","overlay-type":"","overlay-color":"","overlay-opacity":"","overlay-gradient":""}},"ast-content-background-meta":{"desktop":{"background-color":"var(--ast-global-color-5)","background-image":"","background-repeat":"repeat","background-position":"center center","background-size":"auto","background-attachment":"scroll","background-type":"","background-media":"","overlay-type":"","overlay-color":"","overlay-opacity":"","overlay-gradient":""},"tablet":{"background-color":"var(--ast-global-color-5)","background-image":"","background-repeat":"repeat","background-position":"center center","background-size":"auto","background-attachment":"scroll","background-type":"","background-media":"","overlay-type":"","overlay-color":"","overlay-opacity":"","overlay-gradient":""},"mobile":{"background-color":"var(--ast-global-color-5)","background-image":"","background-repeat":"repeat","background-position":"center center","background-size":"auto","background-attachment":"scroll","background-type":"","background-media":"","overlay-type":"","overlay-color":"","overlay-opacity":"","overlay-gradient":""}},"footnotes":""},"class_list":["post-178","page","type-page","status-publish","hentry"],"yoast_head":"<!-- This site is optimized with the Yoast SEO plugin v26.8 - https:\/\/yoast.com\/product\/yoast-seo-wordpress\/ -->\n<title>Slovensk\u00e1 verzia - Elektronick\u00e1 u\u010debnica<\/title>\n<meta name=\"robots\" content=\"index, follow, max-snippet:-1, max-image-preview:large, max-video-preview:-1\" \/>\n<link rel=\"canonical\" href=\"https:\/\/www.agromechatronik.eu\/?page_id=178\" \/>\n<meta property=\"og:locale\" content=\"sk_SK\" \/>\n<meta property=\"og:type\" content=\"article\" \/>\n<meta property=\"og:title\" content=\"Slovensk\u00e1 verzia - Elektronick\u00e1 u\u010debnica\" \/>\n<meta property=\"og:description\" content=\"Elektronick\u00e1 u\u010debnica&nbsp; \u201eNov\u00fd potenci\u00e1l rozvoja agrosektora \u2013 Agromechatronik\u201c, \u010d\u00edslo projektu 2019-1-SK01-KA202-060773 vznikla v r\u00e1mci projektu Erasmus+ KA2 &#8211; Odborn\u00e9 vzdel\u00e1vanie a pr\u00edprava &#8211; Strategick\u00e9 partnerstv\u00e1. Hlavn\u00fdm cie\u013eom bolo vytvorenie ucelen\u00e9ho s\u00faboru poznatkov z&nbsp;viacer\u00fdch oblast\u00ed, pri\u010dom d\u00f4raz bol kladen\u00fd najm\u00e4 na vz\u00e1jomn\u00fa nadv\u00e4znos\u0165, prepojenos\u0165 ale predov\u0161etk\u00fdm na preh\u013eadnos\u0165 a&nbsp;jednoduch\u00fa orient\u00e1ciu v&nbsp;tomto pomerne rozsiahlom diele. Publik\u00e1cia m\u00e1 [&hellip;]\" \/>\n<meta property=\"og:url\" content=\"https:\/\/www.agromechatronik.eu\/?page_id=178\" \/>\n<meta property=\"og:site_name\" content=\"Elektronick\u00e1 u\u010debnica\" \/>\n<meta property=\"article:modified_time\" content=\"2022-08-30T19:31:09+00:00\" \/>\n<meta property=\"og:image\" content=\"https:\/\/www.agromechatronik.eu\/wp-content\/uploads\/2022\/03\/obalka-SK.png\" \/>\n<meta name=\"twitter:card\" content=\"summary_large_image\" \/>\n<meta name=\"twitter:label1\" content=\"Predpokladan\u00fd \u010das \u010d\u00edtania\" \/>\n\t<meta name=\"twitter:data1\" content=\"3 min\u00faty\" \/>\n<script type=\"application\/ld+json\" class=\"yoast-schema-graph\">{\"@context\":\"https:\/\/schema.org\",\"@graph\":[{\"@type\":\"WebPage\",\"@id\":\"https:\/\/www.agromechatronik.eu\/?page_id=178\",\"url\":\"https:\/\/www.agromechatronik.eu\/?page_id=178\",\"name\":\"Slovensk\u00e1 verzia - Elektronick\u00e1 u\u010debnica\",\"isPartOf\":{\"@id\":\"https:\/\/www.agromechatronik.eu\/#website\"},\"primaryImageOfPage\":{\"@id\":\"https:\/\/www.agromechatronik.eu\/?page_id=178#primaryimage\"},\"image\":{\"@id\":\"https:\/\/www.agromechatronik.eu\/?page_id=178#primaryimage\"},\"thumbnailUrl\":\"https:\/\/www.agromechatronik.eu\/wp-content\/uploads\/2022\/03\/obalka-SK.png\",\"datePublished\":\"2022-01-07T23:33:53+00:00\",\"dateModified\":\"2022-08-30T19:31:09+00:00\",\"breadcrumb\":{\"@id\":\"https:\/\/www.agromechatronik.eu\/?page_id=178#breadcrumb\"},\"inLanguage\":\"sk-SK\",\"potentialAction\":[{\"@type\":\"ReadAction\",\"target\":[\"https:\/\/www.agromechatronik.eu\/?page_id=178\"]}]},{\"@type\":\"ImageObject\",\"inLanguage\":\"sk-SK\",\"@id\":\"https:\/\/www.agromechatronik.eu\/?page_id=178#primaryimage\",\"url\":\"https:\/\/www.agromechatronik.eu\/wp-content\/uploads\/2022\/03\/obalka-SK.png\",\"contentUrl\":\"https:\/\/www.agromechatronik.eu\/wp-content\/uploads\/2022\/03\/obalka-SK.png\",\"width\":490,\"height\":698},{\"@type\":\"BreadcrumbList\",\"@id\":\"https:\/\/www.agromechatronik.eu\/?page_id=178#breadcrumb\",\"itemListElement\":[{\"@type\":\"ListItem\",\"position\":1,\"name\":\"Home\",\"item\":\"https:\/\/www.agromechatronik.eu\/\"},{\"@type\":\"ListItem\",\"position\":2,\"name\":\"Slovensk\u00e1 verzia\"}]},{\"@type\":\"WebSite\",\"@id\":\"https:\/\/www.agromechatronik.eu\/#website\",\"url\":\"https:\/\/www.agromechatronik.eu\/\",\"name\":\"Elektronick\u00e1 u\u010debnica\",\"description\":\"Nov\u00fd potenci\u00e1l rozvoja agrosektora - agromechatronik\",\"publisher\":{\"@id\":\"https:\/\/www.agromechatronik.eu\/#organization\"},\"potentialAction\":[{\"@type\":\"SearchAction\",\"target\":{\"@type\":\"EntryPoint\",\"urlTemplate\":\"https:\/\/www.agromechatronik.eu\/?s={search_term_string}\"},\"query-input\":{\"@type\":\"PropertyValueSpecification\",\"valueRequired\":true,\"valueName\":\"search_term_string\"}}],\"inLanguage\":\"sk-SK\"},{\"@type\":\"Organization\",\"@id\":\"https:\/\/www.agromechatronik.eu\/#organization\",\"name\":\"Elektronick\u00e1 u\u010debnica\",\"url\":\"https:\/\/www.agromechatronik.eu\/\",\"logo\":{\"@type\":\"ImageObject\",\"inLanguage\":\"sk-SK\",\"@id\":\"https:\/\/www.agromechatronik.eu\/#\/schema\/logo\/image\/\",\"url\":\"https:\/\/www.agromechatronik.eu\/wp-content\/uploads\/2022\/01\/cropped-cropped-logo.png\",\"contentUrl\":\"https:\/\/www.agromechatronik.eu\/wp-content\/uploads\/2022\/01\/cropped-cropped-logo.png\",\"width\":991,\"height\":134,\"caption\":\"Elektronick\u00e1 u\u010debnica\"},\"image\":{\"@id\":\"https:\/\/www.agromechatronik.eu\/#\/schema\/logo\/image\/\"}}]}<\/script>\n<!-- \/ Yoast SEO plugin. -->","yoast_head_json":{"title":"Slovensk\u00e1 verzia - Elektronick\u00e1 u\u010debnica","robots":{"index":"index","follow":"follow","max-snippet":"max-snippet:-1","max-image-preview":"max-image-preview:large","max-video-preview":"max-video-preview:-1"},"canonical":"https:\/\/www.agromechatronik.eu\/?page_id=178","og_locale":"sk_SK","og_type":"article","og_title":"Slovensk\u00e1 verzia - Elektronick\u00e1 u\u010debnica","og_description":"Elektronick\u00e1 u\u010debnica&nbsp; \u201eNov\u00fd potenci\u00e1l rozvoja agrosektora \u2013 Agromechatronik\u201c, \u010d\u00edslo projektu 2019-1-SK01-KA202-060773 vznikla v r\u00e1mci projektu Erasmus+ KA2 &#8211; Odborn\u00e9 vzdel\u00e1vanie a pr\u00edprava &#8211; Strategick\u00e9 partnerstv\u00e1. Hlavn\u00fdm cie\u013eom bolo vytvorenie ucelen\u00e9ho s\u00faboru poznatkov z&nbsp;viacer\u00fdch oblast\u00ed, pri\u010dom d\u00f4raz bol kladen\u00fd najm\u00e4 na vz\u00e1jomn\u00fa nadv\u00e4znos\u0165, prepojenos\u0165 ale predov\u0161etk\u00fdm na preh\u013eadnos\u0165 a&nbsp;jednoduch\u00fa orient\u00e1ciu v&nbsp;tomto pomerne rozsiahlom diele. Publik\u00e1cia m\u00e1 [&hellip;]","og_url":"https:\/\/www.agromechatronik.eu\/?page_id=178","og_site_name":"Elektronick\u00e1 u\u010debnica","article_modified_time":"2022-08-30T19:31:09+00:00","og_image":[{"url":"https:\/\/www.agromechatronik.eu\/wp-content\/uploads\/2022\/03\/obalka-SK.png","type":"","width":"","height":""}],"twitter_card":"summary_large_image","twitter_misc":{"Predpokladan\u00fd \u010das \u010d\u00edtania":"3 min\u00faty"},"schema":{"@context":"https:\/\/schema.org","@graph":[{"@type":"WebPage","@id":"https:\/\/www.agromechatronik.eu\/?page_id=178","url":"https:\/\/www.agromechatronik.eu\/?page_id=178","name":"Slovensk\u00e1 verzia - Elektronick\u00e1 u\u010debnica","isPartOf":{"@id":"https:\/\/www.agromechatronik.eu\/#website"},"primaryImageOfPage":{"@id":"https:\/\/www.agromechatronik.eu\/?page_id=178#primaryimage"},"image":{"@id":"https:\/\/www.agromechatronik.eu\/?page_id=178#primaryimage"},"thumbnailUrl":"https:\/\/www.agromechatronik.eu\/wp-content\/uploads\/2022\/03\/obalka-SK.png","datePublished":"2022-01-07T23:33:53+00:00","dateModified":"2022-08-30T19:31:09+00:00","breadcrumb":{"@id":"https:\/\/www.agromechatronik.eu\/?page_id=178#breadcrumb"},"inLanguage":"sk-SK","potentialAction":[{"@type":"ReadAction","target":["https:\/\/www.agromechatronik.eu\/?page_id=178"]}]},{"@type":"ImageObject","inLanguage":"sk-SK","@id":"https:\/\/www.agromechatronik.eu\/?page_id=178#primaryimage","url":"https:\/\/www.agromechatronik.eu\/wp-content\/uploads\/2022\/03\/obalka-SK.png","contentUrl":"https:\/\/www.agromechatronik.eu\/wp-content\/uploads\/2022\/03\/obalka-SK.png","width":490,"height":698},{"@type":"BreadcrumbList","@id":"https:\/\/www.agromechatronik.eu\/?page_id=178#breadcrumb","itemListElement":[{"@type":"ListItem","position":1,"name":"Home","item":"https:\/\/www.agromechatronik.eu\/"},{"@type":"ListItem","position":2,"name":"Slovensk\u00e1 verzia"}]},{"@type":"WebSite","@id":"https:\/\/www.agromechatronik.eu\/#website","url":"https:\/\/www.agromechatronik.eu\/","name":"Elektronick\u00e1 u\u010debnica","description":"Nov\u00fd potenci\u00e1l rozvoja agrosektora - agromechatronik","publisher":{"@id":"https:\/\/www.agromechatronik.eu\/#organization"},"potentialAction":[{"@type":"SearchAction","target":{"@type":"EntryPoint","urlTemplate":"https:\/\/www.agromechatronik.eu\/?s={search_term_string}"},"query-input":{"@type":"PropertyValueSpecification","valueRequired":true,"valueName":"search_term_string"}}],"inLanguage":"sk-SK"},{"@type":"Organization","@id":"https:\/\/www.agromechatronik.eu\/#organization","name":"Elektronick\u00e1 u\u010debnica","url":"https:\/\/www.agromechatronik.eu\/","logo":{"@type":"ImageObject","inLanguage":"sk-SK","@id":"https:\/\/www.agromechatronik.eu\/#\/schema\/logo\/image\/","url":"https:\/\/www.agromechatronik.eu\/wp-content\/uploads\/2022\/01\/cropped-cropped-logo.png","contentUrl":"https:\/\/www.agromechatronik.eu\/wp-content\/uploads\/2022\/01\/cropped-cropped-logo.png","width":991,"height":134,"caption":"Elektronick\u00e1 u\u010debnica"},"image":{"@id":"https:\/\/www.agromechatronik.eu\/#\/schema\/logo\/image\/"}}]}},"uagb_featured_image_src":{"full":false,"thumbnail":false,"medium":false,"medium_large":false,"large":false,"1536x1536":false,"2048x2048":false},"uagb_author_info":{"display_name":"ebookagromech","author_link":"https:\/\/www.agromechatronik.eu\/?author=1"},"uagb_comment_info":0,"uagb_excerpt":"Elektronick\u00e1 u\u010debnica&nbsp; \u201eNov\u00fd potenci\u00e1l rozvoja agrosektora \u2013 Agromechatronik\u201c, \u010d\u00edslo projektu 2019-1-SK01-KA202-060773 vznikla v r\u00e1mci projektu Erasmus+ KA2 &#8211; Odborn\u00e9 vzdel\u00e1vanie a pr\u00edprava &#8211; Strategick\u00e9 partnerstv\u00e1. Hlavn\u00fdm cie\u013eom bolo vytvorenie ucelen\u00e9ho s\u00faboru poznatkov z&nbsp;viacer\u00fdch oblast\u00ed, pri\u010dom d\u00f4raz bol kladen\u00fd najm\u00e4 na vz\u00e1jomn\u00fa nadv\u00e4znos\u0165, prepojenos\u0165 ale predov\u0161etk\u00fdm na preh\u013eadnos\u0165 a&nbsp;jednoduch\u00fa orient\u00e1ciu v&nbsp;tomto pomerne rozsiahlom diele. Publik\u00e1cia m\u00e1&hellip;","_links":{"self":[{"href":"https:\/\/www.agromechatronik.eu\/index.php?rest_route=\/wp\/v2\/pages\/178","targetHints":{"allow":["GET"]}}],"collection":[{"href":"https:\/\/www.agromechatronik.eu\/index.php?rest_route=\/wp\/v2\/pages"}],"about":[{"href":"https:\/\/www.agromechatronik.eu\/index.php?rest_route=\/wp\/v2\/types\/page"}],"author":[{"embeddable":true,"href":"https:\/\/www.agromechatronik.eu\/index.php?rest_route=\/wp\/v2\/users\/1"}],"replies":[{"embeddable":true,"href":"https:\/\/www.agromechatronik.eu\/index.php?rest_route=%2Fwp%2Fv2%2Fcomments&post=178"}],"version-history":[{"count":5,"href":"https:\/\/www.agromechatronik.eu\/index.php?rest_route=\/wp\/v2\/pages\/178\/revisions"}],"predecessor-version":[{"id":7081,"href":"https:\/\/www.agromechatronik.eu\/index.php?rest_route=\/wp\/v2\/pages\/178\/revisions\/7081"}],"wp:attachment":[{"href":"https:\/\/www.agromechatronik.eu\/index.php?rest_route=%2Fwp%2Fv2%2Fmedia&parent=178"}],"curies":[{"name":"wp","href":"https:\/\/api.w.org\/{rel}","templated":true}]}}